 and p.
22
Let t(o) be the first derivative of -3*o**2/2 + 17*o + 8. Let h be t(-5). Suppose -24 = 5*i - 8*i. Calculate the highest common divisor of i and h.
8
Let x(r) = -2*r**2 - 7*r + 8642. Let i be x(64). Let n(b) = 3*b**2 + 2*b - 1. Let q be n(1). Calculate the greatest common divisor of i and q.
2
Let u(w) = w**2 - 2*w - 3. Let y be u(4). Suppose 3*h - 5 = a, -4*h + 20 - 7 = y*a. Suppose h*b - 44 - 22 = 0. What is the greatest common factor of 3 and b?
3
Suppose -10*u = 4*i - 14*u - 40, 2*i - 4*u = 20. Let l be 2/9 - 230/(-18). Suppose 6 = l*r - i*r. What is the highest common divisor of 4 and r?
2
Let f(d) = -3*d**3 - 23*d**2 - 157*d + 31. Let s be f(-10). What is the greatest common divisor of s and 39?
39
Let q(d) = -d**3 - 5*d**2 - 10*d - 17. Let n be q(-6). Suppose z - 183 = -n. Calculate the highest common factor of 13 and z.
13
Let x be 4 + (-5 - (-606)/6). Calculate the highest common factor of x and 1320.
20
Let j = 244 - 94. Let o = 169 - j. What is the highest common factor of o and 247?
19
Let n = 1650 + -1438. Calculate the greatest common divisor of n and 4.
4
Suppose -46*m + 50*m = 40. Let u = 34 - m. Let n be 6*1/((-1)/(-8)). Calculate the highest common divisor of u and n.
24
Let l(q) = 150*q + 5902. Let s be l(-39). What is the greatest common divisor of 92 and s?
4
Suppose -6*o = -2*o - 8. Suppose y + t + 101 = 4*y, -o*y + t + 68 = 0. Suppose y*p = 36*p - 135. Calculate the greatest common factor of 315 and p.
45
Let j = 265 - 272. Let o(g) = -2*g**3 - 18*g**2 - 32*g - 16. Let n be o(j). Calculate the greatest common divisor of n and 300.
12
Let a be ((-1089)/5)/(-20 - 9564/(-480)). What is the highest common divisor of a and 120?
24
Let r(o) = 151*o**2 - 51*o + 300. Let u be r(6). Calculate the greatest common factor of 20 and u.
10
Let n(w) = -4 - 154 - 34 - 4*w + 13 - 13. Let u be n(-53). Calculate the greatest common divisor of 200 and u.
20
Let k be 18/(-36) - (-2)/((-8)/622). Let q = -58 - k. Let u = q + -50. Calculate the highest common divisor of 16 and u.
16
Suppose 28*r - 3*r = 11375. Suppose -r*h = -446*h - 1404. What is the highest common factor of 208 and h?
52
Let l(o) = 684*o + 1262. Let u be l(7). Calculate the greatest common divisor of u and 50.
50
Let j(t) = 10*t**3 + 72*t**2 + 46*t - 12. Let v be j(-6). What is the greatest common divisor of 128 and v?
16
Suppose 2*w = 10, -3*w - 14 = 5*h - 49. Let d be -6*(1/(-2) - 0/h). Let c be ((-4 - d) + 3)*-21. Calculate the greatest common divisor of 12 and c.
12
Let o = 339 + -335. Suppose 4*l + 3*t = 1360, o*l = 5*t + 787 + 573. What is the greatest common divisor of l and 68?
68
Let g = 27 + -112. Let m = -77 - g. Suppose 16 = 4*b + 2*c, -2*b - b = -4*c - 12. What is the greatest common divisor of b and m?
4
Let l(a) = a**3 + 7*a**2 + 9*a - 7. Let x be l(-3). Let j be (-5 + -2)*(2 + -3). Suppose x*f = -j + 21. Calculate the highest common divisor of f and 1.
1
Suppose 58 = 35*g - 30*g - 2*t, 2*g = -5*t. What is the greatest common factor of 19330 and g?
10
Suppose -3*a = -0*a - 18. Suppose 19*v - 134 - 37 = 0. What is the highest common divisor of v and a?
3
Suppose -15 = 9*r - 12*r. Suppose 2*c = -c + m + 196, 340 = r*c + m. Let d = -39 + c. Calculate the highest common divisor of d and 252.
28
Suppose 20 = 4*p - 180. Let i = p - 38. Let y be 4 + (-1)/1 + 27. Calculate the greatest common factor of i and y.
6
Suppose 4*l - 8 - 4 = 0, 3*x = 3*l + 39. Calculate the greatest common factor of x and 82.
2
Suppose 4*a = 17*y - 12*y - 1950, 4*a - 808 = -2*y. Let b = y + -379. Calculate the greatest common factor of 55 and b.
5
Let p(b) = -5*b - 17. Let l(m) = -m**3 + 9*m**2 - 5*m - 13. Let i be l(8). Suppose i*k = 10*k - 6. Let s be p(k). What is the highest common factor of s and 52?
13
Let q be (120/(-16))/(-2 + (-26)/(-16)). Suppose k = q*k - 304. Calculate the highest common factor of 176 and k.
16
Let s be 6330/33 + (-232)/(-319)*2/8. What is the greatest common divisor of s and 1464?
24
Let p = 3208 - 3056. What is the highest common factor of p and 64?
8
Let k(l) = 360*l + 2952. Let m be k(27). What is the highest common factor of 108 and m?
36
Suppose 5*p + 2*b = 60, 3*b - 14 + 2 = -p. What is the greatest common factor of p and 1470?
6
Let a(t) = -38*t + 3966. Let c be a(77). What is the highest common factor of c and 90?
10
Let n = -9372 - -21031. Calculate the highest common divisor of 131 and n.
131
Suppose -q = -5, -l + 5*l - q = 75. What is the highest common divisor of l and 312?
4
Let a(d) = -16*d**3 - 11*d**2 + 11*d + 20. Let o be a(-4). Calculate the greatest common divisor of o and 16.
8
Suppose -370*w - 95*w = -10523880. What is the highest common factor of w and 41?
41
Let n(y) = -y**2 - 34*y + 254. Let o be n(6). Let p = 4 + -4. Suppose 5*m - b = 352, -4*m - 6*b + 3*b + 274 = p. What is the greatest common divisor of m and o?
14
Suppose -71*g = -66*g + 3*y - 1096, 0 = 4*y + 12. What is the greatest common factor of g and 119?
17
Suppose 4*m = 9*x - 6*x, 5*m = x + 11. Suppose -p = -h + 520, -7*h + 11*h + m*p - 2052 = 0. Calculate the greatest common factor of h and 12.
12
Let w(v) = 62 + 80 - 39 + 43 - 2*v - 2*v. Let y be w(-23). Calculate the greatest common divisor of y and 102.
34
Suppose -416*z = -412*z, 5*j + 2*z - 30 = 0. Suppose 5*f = -q - 3*q + 12, 3*f - q = 14. Suppose -f*a - j = -50. What is the greatest common factor of a and 11?
11
Suppose -2*r = 3*p + 12, -20 = -12*r + 13*r + 5*p. Let d be 2*(-8)/4*(r - 2). What is the highest common divisor of d and 664?
8
Suppose 14*k - 11621 - 587 = 0. Suppose 4*t + 4*p - 1132 = 0, -3*t - p + k = 15. What is the highest common factor of t and 41?
41
Let u = 32684 + -32647. Let g(z) = -3*z**3 + 3*z + 5. Let t be g(-4). Calculate the highest common divisor of t and u.
37
Let p(h) = 9*h + 166. Let b be p(-18). What is the greatest common factor of 203 and b?
1
Let h(y) be the second derivative of 3*y**5/20 + y**3/6 + 2*y**2 - 22*y. Let q be h(2). What is the greatest common factor of q and 420?
30
Suppose 4*b - 494 = -u + 328, -4*b + 3*u = -814. Suppose -7*x - 6*a = -3*a - 296, 5*x = -2*a + 211. Calculate the greatest common divisor of x and b.
41
Suppose -3*g + 3*x = 5*x - 2, -3*g + 14 = -4*x. Let m be 3/4 - 21/(-4). Let v be (-832)/(-12)*m/g. Calculate the greatest common divisor of 26 and v.
26
Let d be (2 + -7)*651/(-35). What is the highest common factor of 279 and d?
93
Let z be (146 - 0 - 2)*(-6)/(-9). Suppose 150 = 5*a + 130. What is the highest common divisor of z and a?
4
Suppose 4213*f = 4217*f - 3040. Calculate the greatest common factor of f and 168.
8
Let u be 4/(-34) - 12276/(-306). What is the highest common factor of 25 and u?
5
Suppose -15*v + 18 + 57 = 0. Suppose 61 = -v*d + 106. What is the highest common factor of d and 2?
1
Suppose 25*v - 8 = 23*v. Suppose 4*f - 10*f + 576 = 0. What is the greatest common divisor of v and f?
4
Let w be 3/(-18) + 5164/24. Let z = -176 + w. Let r = 153 - -42. What is the greatest common divisor of z and r?
39
Suppose -4*r = -n + 578, -4*r - 653 = -2*n + 499. Calculate the highest common factor of 42 and n.
14
Let w be (-3 + -3)*(12 - 14). Suppose 0 = 3*p + 9, -13*i - 3*p + 12 = -w*i. What is the greatest common factor of i and 126?
21
Let t = -31 + 45. Let m = t - 33. Let j(f) = -3*f - 8. Let z be j(m). What is the highest common factor of 196 and z?
49
Let c = -10738 - -10763. Let s(u) = 34*u - 4. Let x be s(6). What is the greatest common factor of c and x?
25
Let z be 54 + (-3 - -1)/(-1). Let r be 3 - (-8 + -5 + 4). Let k be 112/r*21/14. What is the highest common divisor of z and k?
14
Let a(d) = 6*d - 7. Let o be a(2). Suppose 11*s = -o*m + 6*s + 260, 0 = -5*s - 15. What is the greatest common divisor of 11 and m?
11
Let r = -4534 + 4547. Let j = 3 - 3. Suppose j*u + 3*o - 318 = -3*u, -4*u - 3*o = -422. What is the highest common factor of u and r?
13
Let x = -243 + 276. Let m(d) = 7*d**2 - 14*d - 36. Let b be m(-5). Calculate the highest common divisor of b and x.
11
Suppose 0*t - 9 = 3*t, 0 = 2*f + 4*t - 144. Suppose -4*q + 110 = 5*m - 78, -4*q = -m - 212. What is the highest common divisor of q and f?
26
Let z(y) = y**3 + 48*y**2 - 10*y + 519. Let h be z(-48). What is the greatest common factor of h and 777?
111
Suppose -2*g + 4